
41505130 (base 6) to base 10
1206414
Convert -342c0 (base 14) to base 5.
-13024114
What is -722676 (base 8) in base 11?
-153658
What is -424233421 (base 5) in base 12?
-723971
What is 7003444 (base 10) in base 16?
6add34
Convert -5826620 (base 9) to base 10.
-3147597
Convert -4540 (base 12) to base 13.
-365a
-110000000011011010001 (base 2) to base 10
-1574609
-20000110 (base 4) to base 10
-32788
Convert -10854237 (base 10) to base 12.
-3775479
303002332 (base 4) to base 3
101121210221
15144a (base 12) to base 11
222693
What is -100130220032 (base 4) in base 8?
-20345016
-1d4b390 (base 14) to base 9
-30603518
Convert 3ca63 (base 14) to base 8.
445317
What is 11120020301 (base 4) in base 2?
101011000001000110001
Convert -3012313002 (base 4) to base 11.
-506a72
147254 (base 9) to base 16
161ef
-40667 (base 14) to base 15
-30d8b
-2247237 (base 9) to base 16
-12806b
110432a (base 11) to base 6
105313431
What is -231130233 (base 4) in base 8?
-553457
Convert -303313330 (base 4) to base 9.
-353414
What is -25905 (base 15) in base 11?
-82302
What is -de13 (base 16) in base 4?
-31320103
Convert -12201000010 (base 3) to base 8.
-333215
What is 6b61ba (base 13) in base 9?
4724350
be472d (base 15) to base 7
140103352
-2a63ab (base 16) to base 15
-39d1bc
What is -1085d0 (base 14) in base 4?
-2020330222
Convert 723c (base 15) to base 11.
17149
Convert -264b (base 13) to base 12.
-31bb
Convert -131300121 (base 4) to base 7.
-1015224
What is 123343 (base 12) in base 11?
192405
Convert 817c (base 15) to base 3.
1101111200
Convert 22111212111 (base 3) to base 12.
80b87
Convert 15a1d (base 15) to base 16.
11092
22041111 (base 5) to base 10
190156
Convert 121232003323 (base 4) to base 2.
11001101110000011111011
121927 (base 13) to base 8
1514046
7c (base 14) to base 13
86
Convert -1948596 (base 11) to base 4.
-30203130332
13d232 (base 15) to base 12
3a1032
Convert 4000959 (base 11) to base 8.
33022445
What is 173161 (base 8) in base 3?
10012112122
45874 (base 12) to base 3
11201022221
796507 (base 13) to base 15
3ba624
Convert -20a2352 (base 13) to base 2.
-100101111011110010000100
What is 26617605 (base 8) in base 4?
112301332011
What is 323115140 (base 6) in base 9?
11732006
a8162 (base 12) to base 5
24041102
Convert 11d025c (base 15) to base 2.
110000110111000111010110
Convert -981774 (base 11) to base 15.
-20ec9b
Convert 22ff3 (base 16) to base 8.
427763
Convert 8f099 (base 16) to base 3.
1002202200022
Convert 5c7370 (base 13) to base 3.
11011112122111
Convert 123000021121 (base 4) to base 15.
94c4e4
Convert -3844338 (base 9) to base 8.
-7776031
Convert -aabbb (base 13) to base 8.
-1134531
What is -212780 (base 11) in base 16?
-53174
What is 1063026 (base 7) in base 12?
65040
Convert 21211022220 (base 3) to base 8.
454713
What is -468271 (base 10) in base 6?
-14011531
Convert 132230000 (base 4) to base 6.
2405532
Convert -1709b9 (base 14) to base 8.
-3053327
What is 11010110111001001001010 (base 2) in base 11?
3a7a514
2056531 (base 12) to base 9
12406431
What is 21566654 (base 7) in base 11?
10646a0
What is -53450 (base 6) in base 12?
-4286
3bdda (base 14) to base 5
14220142
Convert 30136124 (base 7) to base 6.
125303032
Convert -6442cc (base 14) to base 11.
-1a07639
What is -55333c (base 14) in base 4?
-23001211122
Convert -35455640 (base 7) to base 5.
-1300441034
What is -156268 (base 12) in base 4?
-1120223300
260430 (base 15) to base 5
431322240
What is -102054 (base 7) in base 9?
-26040
Convert -2443414 (base 6) to base 12.
-6356a
1859b (base 15) to base 13
29bac
3432303 (base 5) to base 10
61578
What is -100111001010000110 (base 2) in base 10?
-160390
-31504204 (base 6) to base 15
-1346c4
-100010010010101100011 (base 2) to base 5
-241424213
-58a69b (base 14) to base 2
-1011100010100100110001
-14250414 (base 6) to base 2
-1110111010100101010
-1108b1 (base 12) to base 14
-709c9
Convert 11255050 (base 7) to base 14.
1ba397
-4512433 (base 6) to base 16
-37845
What is 1100111110000011 (base 2) in base 13?
1b245
5ac4 (base 14) to base 5
1001402
What is -18a3a77 (base 11) in base 12?
-10aa72a
11451257 (base 8) to base 15
34925a
-607a93 (base 11) to base 6
-32534503
761443 (base 8) to base 11
164446
What is -22120111202 (base 3) in base 15?
-35015
What is -10100101010110100011 (base 2) in base 16?
-a55a3
Convert 10000002212012 (base 3) to base 10.
1596407
What is -12242253 (base 6) in base 7?
-3232131
244392 (base 10) to base 3
110102020120
-132123012 (base 4) to base 8
-363306
Convert 2906704 (base 13) to base 2.
110001101000001011011000
-103605355 (base 7) to base 10
-6220492
What is -3122022 (base 6) in base 9?
-248745
13303313001 (base 4) to base 12
828a29
Convert -3376353 (base 8) to base 2.
-11011111110011101011
10021222101 (base 3) to base 11
44808
2512332 (base 6) to base 8
405640
What is b319 (base 12) in base 3?
222200210
-41022331 (base 6) to base 12
-4849a7
What is 2f0 (base 16) in base 12?
528
82169 (base 13) to base 15
49128
Convert -829164 (base 12) to base 16.
-1f3f9c
What is 12122101011101 (base 3) in base 5?
1231433344
Convert -436756 (base 8) to base 14.
-3b78a
What is -7dc49c (base 15) in base 16?
-5bc941
-3d5b3 (base 16) to base 12
-10152b
Convert 320340412 (base 5) to base 13.
37bc82
-242333 (base 9) to base 2
-100011101010011001
-8488177 (base 10) to base 16
-8184f1
Convert 35441146 (base 7) to base 15.
41e357
What is 10982 (base 13) in base 12?
15578
-9aa576 (base 14) to base 10
-5253100
What is -1204664 (base 13) in base 9?
-11443288
Convert 310101201 (base 4) to base 7.
1551144
-13022313301 (base 5) to base 10
-15822951
cc177 (base 15) to base 5
131221322
What is 4b022aa (base 12) in base 16?
e01322
Convert -65313225 (base 8) to base 14.
-1c052cd
Convert 196c670 (base 13) to base 6.
455201225
6abd3e (base 16) to base 5
3242322022
-2638469 (base 10) to base 12
-a72a85
Convert 714702 (base 9) to base 14.
b0421
Convert 1309554 (base 11) to base 2.
1000101001100011011101
Convert 324420 (base 5) to base 4.
2233203
-b55208 (base 13) to base 16
-40ac17
Convert -29310 (base 10) to base 14.
-a978
Convert 19070 (base 13) to base 6.
1012105
b010b (base 13) to base 12
131abb
What is 40130120 (base 5) in base 11?
1a7629
What is 12514234 (base 6) in base 4?
1211022232
11100111110100000 (base 2) to base 10
118688
Convert 101000110000010011 (base 2) to base 10.
166931
24c500 (base 15) to base 6
101441243
-126526606 (base 7) to base 12
-28ba694
What is 2fd9e9 (base 16) in base 4?
23331213221
Convert 648875 (base 10) to base 12.
27360b
What is -229b45 (base 14) in base 6?
-41140053
What is -347062 (base 8) in base 11?
-80996
What is -134142343 (base 5) in base 11?
-434020
What is 1c99bc (base 13) in base 10?
735474
What is 2112232211 (base 4) in base 6?
21122125
-424516 (base 7) to base 12
-36764
What is -7432610 (base 8) in base 7?
-22553652
What is 40241551 (base 6) in base 5?
243002112
-3540426 (base 7) to base 11
-285764
Convert -23247164 (base 8) to base 10.
-5066356
Convert 23011610 (base 8) to base 2.
10011000001001110001000
What is a6b0b (base 14) in base 7?
3265214
Convert 121123363 (base 7) to base 3.
112012200220021
11a9923 (base 13) to base 7
64535444
Convert -23741 (base 14) to base 11.
-59a90
What is 313045144 (base 6) in base 12?
19b67b4
9911 (base 10) to base 12
589b
What is 4233440101 (base 5) in base 7?
135364305
Convert 129674 (base 13) to base 14.
b9a49
1230121003 (base 4) to base 7
3526243
17a957 (base 11) to base 15
57584
Convert -32123230 (base 5) to base 2.
-1000010000001101000
What is -101010000101011010 (base 2) in base 14?
-46b6a
-1110000101010 (base 2) to base 11
-5465
Convert -1650114 (base 7) to base 16.
-3849c
-500205 (base 6) to base 5
-2221312
32075432 (base 8) to base 7
112125565
What is 1b410 (base 15) in base 10?
88665
303433302 (base 5) to base 8
4551251
-206524654 (base 7) to base 12
-416515a
-ba888 (base 16) to base 15
-1015b0
-122360 (base 8) to base 12
-20528
What is 11c0825 (base 14) in base 16?
822821
Convert -43125420 (base 6) to base 12.
-513870
-acc1d (base 16) to base 5
-140120423
-100110101000001110110001 (base 2) to base 5
-10043020012
Convert 109289 (base 11) to base 16.
2a539
What is -2664244 (base 7) in base 4?
-1111330300
Convert -55463 (base 7) to base 4.
-3122021
What is -2827d (base 15) in ba